{"id":428,"date":"2024-10-09T12:32:27","date_gmt":"2024-10-09T10:32:27","guid":{"rendered":"https:\/\/inforcopysegarra.com\/?post_type=product&#038;p=428"},"modified":"2024-10-09T12:32:28","modified_gmt":"2024-10-09T10:32:28","slug":"uno","status":"publish","type":"product","link":"https:\/\/inforcopysegarra.com\/?product=uno","title":{"rendered":"Uno"},"content":{"rendered":"<p>\u00a1Uno! <strong>Juego de cartas<\/strong> muy divertido y din\u00e1mico que ya es todo un cl\u00e1sico. Con 7 cartas iniciales, el jugador debe intentar quedarse sin ninguna, coloc\u00e1ndolas sobre la pila central si el n\u00famero coincide.<\/p>\n<p>La caja incluye 112 cartas y las reglas del juego. La baraja incluye cartas de acci\u00f3n que permiten saltar de jugador, retroceder, obligar al siguiente a coger dos cartas extras u otras combinaciones. Adem\u00e1s, tambi\u00e9n dispone de 3 comodines personalizables para que los participantes puedan inventar nuevas reglas.<\/p>\n<p>N\u00famero de jugadores: de 2 a 10.<\/p>\n","protected":false},"excerpt":{"rendered":"<p>\u00a1Uno! Juego de cartas muy divertido y din\u00e1mico que ya es todo un cl\u00e1sico. Con 7 cartas iniciales, el jugador debe intentar quedarse sin ninguna, coloc\u00e1ndolas<span class=\"excerpt-hellip\"> [\u2026]<\/span><\/p>\n","protected":false},"featured_media":429,"comment_status":"closed","ping_status":"closed","template":"","meta":[],"product_brand":[],"product_cat":[120,28],"product_tag":[],"class_list":{"0":"post-428","1":"product","2":"type-product","3":"status-publish","4":"has-post-thumbnail","6":"product_cat-juegos-y-juguetes","7":"product_cat-regalos","9":"first","10":"instock","11":"shipping-taxable","12":"purchasable","13":"product-type-simple"},"_links":{"self":[{"href":"https:\/\/inforcopysegarra.com\/index.php?rest_route=\/wp\/v2\/product\/428","targetHints":{"allow":["GET"]}}],"collection":[{"href":"https:\/\/inforcopysegarra.com\/index.php?rest_route=\/wp\/v2\/product"}],"about":[{"href":"https:\/\/inforcopysegarra.com\/index.php?rest_route=\/wp\/v2\/types\/product"}],"replies":[{"embeddable":true,"href":"https:\/\/inforcopysegarra.com\/index.php?rest_route=%2Fwp%2Fv2%2Fcomments&post=428"}],"wp:featuredmedia":[{"embeddable":true,"href":"https:\/\/inforcopysegarra.com\/index.php?rest_route=\/wp\/v2\/media\/429"}],"wp:attachment":[{"href":"https:\/\/inforcopysegarra.com\/index.php?rest_route=%2Fwp%2Fv2%2Fmedia&parent=428"}],"wp:term":[{"taxonomy":"product_brand","embeddable":true,"href":"https:\/\/inforcopysegarra.com\/index.php?rest_route=%2Fwp%2Fv2%2Fproduct_brand&post=428"},{"taxonomy":"product_cat","embeddable":true,"href":"https:\/\/inforcopysegarra.com\/index.php?rest_route=%2Fwp%2Fv2%2Fproduct_cat&post=428"},{"taxonomy":"product_tag","embeddable":true,"href":"https:\/\/inforcopysegarra.com\/index.php?rest_route=%2Fwp%2Fv2%2Fproduct_tag&post=428"}],"curies":[{"name":"wp","href":"https:\/\/api.w.org\/{rel}","templated":true}]}}