{"id":458,"date":"2024-10-09T13:53:37","date_gmt":"2024-10-09T11:53:37","guid":{"rendered":"https:\/\/inforcopysegarra.com\/?post_type=product&#038;p=458"},"modified":"2024-10-09T13:53:37","modified_gmt":"2024-10-09T11:53:37","slug":"botella-infantil-patrulla-canina-400ml","status":"publish","type":"product","link":"https:\/\/inforcopysegarra.com\/?product=botella-infantil-patrulla-canina-400ml","title":{"rendered":"Botella infantil Patrulla Canina 400ml"},"content":{"rendered":"<p>Resistente botella fabricada en aluminio, con la que los ni\u00f1os podr\u00e1n beber de forma c\u00f3moda y segura, gracias a su boquilla y tap\u00f3n de seguridad que evitar\u00e1 salpicaduras y derrames accidentales. El cuerpo va decorado con originales dise\u00f1os basados en algunos de los personajes principales de sus series favoritas, lo que har\u00e1 que los m\u00e1s peque\u00f1os de la casa quieran llev\u00e1rsela a cualquier parte. &#8211; Fabricada en aluminio &#8211; Tap\u00f3n de seguridad &#8211;<\/p>\n","protected":false},"excerpt":{"rendered":"<p>Resistente botella fabricada en aluminio, con la que los ni\u00f1os podr\u00e1n beber de forma c\u00f3moda y segura, gracias a su boquilla y tap\u00f3n de seguridad que<span class=\"excerpt-hellip\"> [\u2026]<\/span><\/p>\n","protected":false},"featured_media":459,"comment_status":"closed","ping_status":"closed","template":"","meta":[],"product_brand":[],"product_cat":[28],"product_tag":[],"class_list":{"0":"post-458","1":"product","2":"type-product","3":"status-publish","4":"has-post-thumbnail","6":"product_cat-regalos","8":"first","9":"instock","10":"shipping-taxable","11":"purchasable","12":"product-type-simple"},"_links":{"self":[{"href":"https:\/\/inforcopysegarra.com\/index.php?rest_route=\/wp\/v2\/product\/458","targetHints":{"allow":["GET"]}}],"collection":[{"href":"https:\/\/inforcopysegarra.com\/index.php?rest_route=\/wp\/v2\/product"}],"about":[{"href":"https:\/\/inforcopysegarra.com\/index.php?rest_route=\/wp\/v2\/types\/product"}],"replies":[{"embeddable":true,"href":"https:\/\/inforcopysegarra.com\/index.php?rest_route=%2Fwp%2Fv2%2Fcomments&post=458"}],"wp:featuredmedia":[{"embeddable":true,"href":"https:\/\/inforcopysegarra.com\/index.php?rest_route=\/wp\/v2\/media\/459"}],"wp:attachment":[{"href":"https:\/\/inforcopysegarra.com\/index.php?rest_route=%2Fwp%2Fv2%2Fmedia&parent=458"}],"wp:term":[{"taxonomy":"product_brand","embeddable":true,"href":"https:\/\/inforcopysegarra.com\/index.php?rest_route=%2Fwp%2Fv2%2Fproduct_brand&post=458"},{"taxonomy":"product_cat","embeddable":true,"href":"https:\/\/inforcopysegarra.com\/index.php?rest_route=%2Fwp%2Fv2%2Fproduct_cat&post=458"},{"taxonomy":"product_tag","embeddable":true,"href":"https:\/\/inforcopysegarra.com\/index.php?rest_route=%2Fwp%2Fv2%2Fproduct_tag&post=458"}],"curies":[{"name":"wp","href":"https:\/\/api.w.org\/{rel}","templated":true}]}}