{"id":580,"date":"2024-07-22T19:09:00","date_gmt":"2024-07-22T17:09:00","guid":{"rendered":"https:\/\/inforcopysegarra.com\/?post_type=product&#038;p=580"},"modified":"2024-10-24T13:52:06","modified_gmt":"2024-10-24T11:52:06","slug":"estuche-portatodo-doble-real-madrid","status":"publish","type":"product","link":"https:\/\/inforcopysegarra.com\/?product=estuche-portatodo-doble-real-madrid","title":{"rendered":"Estuche portatodo doble Real Madrid"},"content":{"rendered":"<p>Descubre el <strong>estuche doble Real Madrid<\/strong>\u00a0de Safta, perfecto para fans. Con dos compartimentos y dise\u00f1o aut\u00e9ntico, es ideal para mantener todo organizado. Mide 22x8x10 cm y est\u00e1 hecho con materiales de calidad que garantizan durabilidad y resistencia.<\/p>\n","protected":false},"excerpt":{"rendered":"<p>Descubre el estuche doble Real Madrid\u00a0de Safta, perfecto para fans. Con dos compartimentos y dise\u00f1o aut\u00e9ntico, es ideal para mantener todo organizado. Mide 22x8x10 cm y<span class=\"excerpt-hellip\"> [\u2026]<\/span><\/p>\n","protected":false},"featured_media":581,"comment_status":"closed","ping_status":"closed","template":"","meta":[],"product_brand":[],"product_cat":[121,113],"product_tag":[],"class_list":{"0":"post-580","1":"product","2":"type-product","3":"status-publish","4":"has-post-thumbnail","6":"product_cat-material-escolar","7":"product_cat-mochilas","9":"first","10":"instock","11":"shipping-taxable","12":"purchasable","13":"product-type-simple"},"_links":{"self":[{"href":"https:\/\/inforcopysegarra.com\/index.php?rest_route=\/wp\/v2\/product\/580","targetHints":{"allow":["GET"]}}],"collection":[{"href":"https:\/\/inforcopysegarra.com\/index.php?rest_route=\/wp\/v2\/product"}],"about":[{"href":"https:\/\/inforcopysegarra.com\/index.php?rest_route=\/wp\/v2\/types\/product"}],"replies":[{"embeddable":true,"href":"https:\/\/inforcopysegarra.com\/index.php?rest_route=%2Fwp%2Fv2%2Fcomments&post=580"}],"wp:featuredmedia":[{"embeddable":true,"href":"https:\/\/inforcopysegarra.com\/index.php?rest_route=\/wp\/v2\/media\/581"}],"wp:attachment":[{"href":"https:\/\/inforcopysegarra.com\/index.php?rest_route=%2Fwp%2Fv2%2Fmedia&parent=580"}],"wp:term":[{"taxonomy":"product_brand","embeddable":true,"href":"https:\/\/inforcopysegarra.com\/index.php?rest_route=%2Fwp%2Fv2%2Fproduct_brand&post=580"},{"taxonomy":"product_cat","embeddable":true,"href":"https:\/\/inforcopysegarra.com\/index.php?rest_route=%2Fwp%2Fv2%2Fproduct_cat&post=580"},{"taxonomy":"product_tag","embeddable":true,"href":"https:\/\/inforcopysegarra.com\/index.php?rest_route=%2Fwp%2Fv2%2Fproduct_tag&post=580"}],"curies":[{"name":"wp","href":"https:\/\/api.w.org\/{rel}","templated":true}]}}